3. What is the highest common divisor of x and i?
11
Suppose -2*p = 0, -2*p - 498 = -2*q - 90. What is the greatest common divisor of 68 and q?
68
Let c be 3/7*-2 + 6750/525. Calculate the highest common divisor of c and 648.
12
Suppose 0 = -m + 2*z + 127, -2*m + 472 = 2*m + z. Let u = m + -3. Calculate the greatest common divisor of 290 and u.
58
Suppose -57088 = -17*y + 18460. Calculate the highest common factor of 44 and y.
44
Let o be (10/3)/((-9)/(-216)). Suppose -2*d + 4 = -36. Calculate the greatest common factor of d and o.
20
Let b = 2 + -1. Let h = b + 3. Suppose 15 = 3*g - 2*d, 0 = -3*g - g + h*d + 16. What is the highest common factor of 21 and g?
7
Let t = 25 + -19. Suppose -5*k + k = -12. Suppose w - k*a = -t, 3*a + a = -w + 15. Calculate the highest common divisor of w and 3.
3
Let d = -906 + 910. What is the greatest common factor of 19 and d?
1
Let w = -131 + 241. Calculate the greatest common factor of w and 88.
22
Let q(h) = h**2 - 3*h + 11. Let v be (5/3)/(7/21). Let l be q(v). Calculate the greatest common divisor of 84 and l.
21
Let i = 16 + 8. Let l = -20 + i. Suppose l + 59 = 3*v. What is the greatest common factor of v and 63?
21
Let w(a) be the third derivative of a**5/20 - a**4/6 + a**3/3 - a**2 - 55. Suppose 5*n - 2 = 4*n. Let i be w(n). What is the highest common factor of i and 9?
3
Let v = 20 - 18. Suppose 212 = 2*i - 280. Suppose -526 = -3*b + f - 153, -v*b + 2*f = -i. Calculate the greatest common divisor of b and 50.
25
Suppose -65 - 30 = -19*t. What is the highest common factor of t and 95?
5
Let r = -4 + 10. Calculate the highest common divisor of 102 and r.
6
Let f = -313 + 676. Calculate the greatest common factor of f and 11.
11
Let g(o) = -195*o + 1. Let k(c) = -c**2 - 13*c - 13. Let l be k(-12). Let w be g(l). Suppose -u + 5*u - w = 0. What is the highest common factor of u and 7?
7
Let n be (-4)/(-10)*(66 + -1). Let q = -11 + n. What is the greatest common factor of q and 3?
3
Suppose -548*j + 541*j = -840. Calculate the highest common factor of 216 and j.
24
Suppose 5*l - 2*i = -22, i - 17 = 3*l + l. Let q be 28 + 1*(-2)/8*l. What is the greatest common factor of 29 and q?
29
Let g(t) = -t**2 + 9. Let b be g(3). Suppose b = -7*h + 38 + 102. What is the greatest common divisor of 10 and h?
10
Let g(j) = 67*j**2 + 14*j + 24. Let i be g(-4). What is the highest common divisor of 65 and i?
65
Suppose -18*s - 96*s + 145350 = 0. What is the greatest common divisor of s and 300?
75
Suppose -5*k - 3*u + 1537 + 1936 = 0, 5*u = -k + 677. Calculate the greatest common divisor of k and 41.
41
Let o(w) = -7*w + 34. Let g be -1 + -1 + (17 - 2)*-1. Let m be o(g). Calculate the greatest common divisor of m and 17.
17
Suppose 4*a = -3*j + 191, -j - 3*j + 254 = 5*a. Suppose 0 = 60*i - j*i + 44. Calculate the greatest common factor of 176 and i.
44
Let w(h) = -h**2 - 17*h - 7. Let r be 4/(-2) - (2 + 9). Let d be w(r). Suppose a = -5, -3*p + 4*a - a + 42 = 0. Calculate the highest common factor of p and d.
9
Suppose -98*r = -83*r - 6435. What is the greatest common divisor of 117 and r?
39
Let a(t) = -t**3 + t**2 + 2*t - 3. Let w be a(2). Let n(j) = -j**3 - 2*j**2 - 3*j - 4. Let q be n(w). What is the highest common factor of 35 and q?
7
Let w(f) = -f**3 - 26*f**2 - 25*f + 4. Let b be w(-25). Suppose 14 = 4*u + 5*m, -4*u = -m - 9 - 17. What is the greatest common factor of b and u?
2
Let z(a) = 5*a**2 + a - 2. Let j be z(1). Suppose -2*p + j*p - 32 = 0. What is the highest common factor of 128 and p?
16
Suppose 2*p = -3*p. Let m(i) = -2 - 2*i + 0*i + i + 8*i**2 + p*i. Let b be m(2). Calculate the greatest common divisor of 4 and b.
4
Let i be (-9)/6 - (-15)/2. Let m be (-2)/(5/i + -1). Calculate the highest common divisor of m and 108.
12
Let d = -2 - -19. Suppose -3*q - 11 = -0*q - 4*j, -4*j = -q - d. Suppose -n + 11 + 3 = -q*a, 3*n - 9 = -2*a. What is the greatest common factor of n and 2?
1
Let o = 27 - 2. Let f = o - 10. Calculate the highest common factor of f and 3.
3
Suppose 2*l - 14 = -2*l - 5*n, 4*n + 32 = 4*l. Let j = 11 + l. What is the highest common divisor of 85 and j?
17
Suppose 4*n - i + 0*i - 67 = 0, -i = n - 23. Calculate the greatest common factor of n and 9.
9
Let o be (-8)/(-3 - (1 - 2)). Suppose -4*a + 0 = 2*u - 2, 5*a - 16 = -o*u. Calculate the greatest common factor of u and 45.
9
Let m(o) = 9*o**2 + 2*o + 4. Let u be m(-4). Suppose 23*v = 18*v + 175. What is the greatest common divisor of v and u?
35
Suppose 2*h = h + 25. Let p be (-5)/(-10)*(13 - (-1 - -4)). Calculate the highest common divisor of p and h.
5
Let t be (-844)/(-10) - (-2)/(-5). Let l(m) = m**3 - 6*m**2 - 3*m + 7. Let d be l(5). Let f = d + 45. Calculate the greatest common factor of t and f.
12
Let b(t) = 4*t - 17. Let n be b(8). Let m be 1*(-4)/(4/(-3)). What is the greatest common divisor of m and n?
3
Let u(n) = -n**3 + 10*n**2 - 7*n - 11. Let c be u(9). Suppose g - i - c = 0, g + 4*i = i + 15. Calculate the greatest common divisor of g and 3.
3
Let n(g) = g**2 + 5*g - 29. Let z be 2*13*8/(-16). Let h be n(z). Calculate the greatest common factor of 30 and h.
15
Suppose b = 3*i + 6*b - 80, -4*b + 4 = 0. Calculate the highest common divisor of 200 and i.
25
Suppose -99 = -3*i + 141. Suppose 46*l + 32 = 47*l. What is the greatest common divisor of i and l?
16
Let t = 25 + 13. Let q(x) = -2*x**2 + 18*x - 13. Let c be q(12). Let g = c - -180. What is the highest common divisor of g and t?
19
Let u be (-3)/9*0 + (-6)/(-2). Suppose -4*n + 4 = 0, 2*y - u*y = 2*n - 4. What is the greatest common divisor of 5 and y?
1
Suppose 2*m + 5*d - 52 = 0, m - 40 = -m + d. What is the greatest common divisor of m and 147?
21
Suppose -1 + 13 = 3*k. Suppose -4*u + 118 = t, -2*t - k*u + 216 = -0*t. Calculate the greatest common factor of t and 14.
14
Let g = -812 + 829. What is the greatest common divisor of 1428 and g?
17
Let y(s) = s**3 + 14*s**2 + 15*s + 6. Let l be y(-10). Suppose -12*v = -4*v - l. What is the highest common divisor of 48 and v?
16
Suppose -p = -4*g + 51, 71 - 11 = 4*g - 4*p. Calculate the greatest common factor of 6 and g.
6
Let d be 3 - 1*6/2. Let m be 60/(-6)*(d - -1). Let b be (-4)/m - (-54)/15. What is the highest common factor of 20 and b?
4
Suppose 3*o - 30 + 0 = 0. Let q = 18 + -14. What is the highest common factor of q and o?
2
Let h be (-10 - -4 - -30)/2. What is the highest common divisor of h and 150?
6
Let n be (7/(-21))/((-1)/6). Suppose v - 122 = -n*z - z, 0 = -5*z - v + 202. What is the greatest common divisor of 100 and z?
20
Let i(h) = -h**3 + 2*h**2 + 2. Let g be i(2). Suppose -g*r = r. Suppose r = v + 5*n + 4, -2*v - 3*n + 35 = 2*v. Calculate the highest common factor of v and 11.
11
Let g(f) = -f**2 - 7*f - 23 + 9*f + 12*f. Let n = -1264 - -1276. Let v be g(n). What is the highest common divisor of v and 9?
1
Let s(o) = 4*o**2 + 7*o - 6. Let u be s(-7). Suppose 57 = z - u. What is the highest common factor of z and 22?
22
Let s be ((-2)/(-3))/(124/1674). Calculate the greatest common divisor of 45 and s.
9
Suppose -5*z + 3*g = -0*g - 383, 378 = 5*z + 2*g. What is the greatest common divisor of z and 57?
19
Suppose 0 = 3*h - 3*k - 66, 8*h + k - 32 = 6*h. Let g(o) = o**2 - 3*o - 4. Let w be g(-3). Let n = 20 - w. Calculate the highest common divisor of h and n.
6
Suppose 5*s - 1891 - 64 = 0. What is the highest common divisor of s and 17?
17
Let b be (-1)/(((-2)/(-648))/(9/(-12))). Calculate the greatest common divisor of b and 108.
27
Let g(t) = 11*t + 1. Let u be g(-1). Let d be (-3)/(-6) + (-35)/u. Suppose 3*n - 45 = -3*s, -d*s + 3 = -1. What is the highest common divisor of 7 and n?
7
Let p(l) = l**3 + 21*l**2 + 23*l - 21. Let t be p(-19). Calculate the highest common divisor of 24 and t.
24
Let o(i) = 8*i - 117. Let u be o(16). Let c be 5*2*(-1 - -14). Suppose 0*l + 3*h = -l + c, 4*h - 254 = -2*l. What is the highest common divisor of u and l?
11
Suppose 4*f - 3*r - 68 = 2*r, 28 = 2*f - r. Calculate the highest common divisor of 636 and f.
12
Let c(u) = -u**3 + 2*u**2 + 18*u - 17. Let j be c(4). Calculate the highest common factor of 736 and j.
23
Suppose 3*p - 316 = -5*j - p, -5*p = 5*j - 320. Let o be (6/8)/(3/24). Let d be (-202)/(-5) + o/(-15). Calculate the greatest common divisor of j and d.
20